5*7/210. Calculate the highest common divisor of q and 8.
4
Let b be 189/(-5) + (-216)/(-270). Let p(i) = -4*i - 140. Let j be p(b). What is the greatest common divisor of 16 and j?
8
Suppose -4*b = -32, -40*b + 43*b + 3410 = 2*f. What is the highest common factor of f and 707?
101
Let l be 0 - -74 - (10 - (-23)/((-69)/24)). Calculate the highest common factor of l and 2124.
36
Suppose 8 = -6*j + 10*j. Let h(z) = z**3 + 10*z**2 + z + 7. Let x be h(-9). Let y = x + j. What is the highest common factor of 54 and y?
27
Let p = 12445 - 12349. Suppose 0 = -b - 5 + 17. Calculate the greatest common divisor of p and b.
12
Let f be ((-10032)/1216)/(3/(-68)). Let v(w) = 11*w**2. Let y be v(1). What is the greatest common factor of y and f?
11
Let d(t) = t**3 - 10*t**2 + 24*t - 18. Let l be d(8). Let s = -44 + l. Let r be (99/(-4))/(s/(-16)). What is the greatest common divisor of r and 18?
18
Let t be 0 + -2 + (3 - -12). Let s be 0 + (-1728)/(-7) - (6/(-14))/3. What is the highest common factor of s and t?
13
Let z = 26 - 17. Suppose 5*j = -3*q + 315, j + 13*q - 15*q - 63 = 0. Calculate the highest common factor of j and z.
9
Suppose 1802*i - 70 = 1792*i. Calculate the greatest common factor of 448 and i.
7
Suppose 5*v = 5*n - 30, 7*v - 15 = -4*n + 2*v. Suppose 0 = -6*r - n*r + 22. Suppose r*i + i - 552 = 0. What is the highest common factor of 23 and i?
23
Let o be (-15)/(-12)*(-560)/30*-3. What is the greatest common divisor of o and 1435?
35
Suppose -2*r + 24 - 74 = 0. Let s be (1/2)/((r/170)/(-5)). Suppose -a + s = 8. What is the highest common factor of 12 and a?
3
Suppose 5*z + 211 = -4*u, 4*u + 172 = -z - 3*z. Let q = 41 + z. Let p be 7/q - 3/(-6). What is the highest common factor of 20 and p?
4
Let q be (2 - 7914)*-1*-9*(-6)/108. Calculate the highest common divisor of 92 and q.
92
Let o(r) = 4*r**2 - 21*r + 19. Let i be o(6). Let x = i - 15. Calculate the highest common factor of x and 44.
22
Let a(h) = -h**3 - 16*h**2 + 16*h - 3. Let r be a(-17). Let g(m) = 7*m - 32 - 4*m**3 + r + 21. Let p be g(-4). What is the greatest common factor of 33 and p?
33
Let q(n) = -84*n - 84. Let a be q(-2). Calculate the highest common divisor of 2700 and a.
12
Let m(p) be the first derivative of 43*p**2/2 + 54*p - 90. Let a be m(7). What is the greatest common factor of 71 and a?
71
Suppose -s + 13*z - 12*z + 67 = 0, -8 = -z. Calculate the greatest common factor of s and 11175.
75
Suppose 0 = 4*u + 5*a - 1615, 7*a = 12*a - 15. What is the highest common divisor of u and 12200?
200
Let d(c) = 177 - 53 - 99*c - 55 - 49. Let t be d(-1). What is the greatest common factor of t and 7?
7
Let f be 84/(-98)*14/(-4). Suppose 5*p - 136 = 2*c - 9, 0 = -p - f*c + 22. Calculate the highest common factor of p and 100.
25
Let g(w) = -37*w - 2362. Let j be g(-65). Calculate the greatest common factor of j and 1.
1
Let r = -40552 + 44344. Calculate the greatest common divisor of r and 36.
12
Let u be 114/10 - (-4)/(-10). Let c(x) = 7489*x - 3746*x - 19 - 3736*x. Let q be c(u). What is the highest common factor of q and 58?
58
Let g = -18626 - -18689. Calculate the highest common divisor of g and 1179.
9
Suppose 1717694 = 195*p - 3489254 - 1047092. Calculate the greatest common factor of 152 and p.
152
Let c be (6/(-9) + 1)*42. Suppose 16*d = -567 + 2727. Let p = 233 - d. What is the greatest common factor of p and c?
14
Let h be (-2)/((-57)/28 - -2). Let t = 20573 - 20552. Calculate the greatest common factor of t and h.
7
Let p be (-954338)/(-451) + 6/(-123). Calculate the greatest common divisor of p and 184.
92
Suppose 5*r - 2*l = 402, 5*l + 8 + 22 = 0. Calculate the greatest common factor of 754 and r.
26
Let t = 407 + 283. Let p = -144 + t. What is the greatest common divisor of 14 and p?
14
Suppose -343*y = -294*y - 35672. Calculate the highest common factor of y and 936.
104
Suppose 3*h - 114 = 3*z, 10*h - 4*z = 14*h - 128. Suppose -1496 = h*s - 46*s. Calculate the highest common factor of s and 68.
68
Let l = -2727 + 2947. Calculate the greatest common factor of l and 100.
20
Suppose 4*z = 4*j - 3*j - 23, -j + 29 = 2*z. Calculate the highest common divisor of 5697 and j.
27
Suppose 41*o - 514936 - 302332 = 159598. What is the greatest common divisor of o and 66?
66
Let y = 2028 + -1966. Let k be ((-310)/(-15))/(8/12). Calculate the greatest common factor of y and k.
31
Suppose -4*n = -2*q + 1262, -4*q + 34*n = 39*n - 2459. Calculate the highest common factor of 667 and q.
23
Let i be (-78)/(-13)*-2*5. Let f = i - 10. Let j = f - -94. Calculate the highest common divisor of j and 192.
24
Let s be 4044/27 + (-72)/90*10/(-36). Suppose -r + 120 = 3*r. Calculate the greatest common factor of r and s.
30
Let v = -354 + 457. Let t = v + 1. What is the greatest common factor of 8 and t?
8
Let p(y) = -15*y**3 - y - 1. Let u be p(-1). Suppose 0 = 17*z - 6*z - 10*z - 10. What is the highest common divisor of u and z?
5
Let w(n) = 6*n + 26. Let h be w(-4). Suppose 0 = h*s + 3*o - 67, -4*s + o + 88 = -53. What is the highest common factor of s and 5?
5
Let w be (4 + (-35)/10)/(4/16). Let k = 6 - 1. Suppose 2*l + 24 = k*l. What is the greatest common factor of l and w?
2
Suppose -277*y + 2257 = -78*y - 11275. What is the greatest common divisor of 4556 and y?
68
Suppose 4*i - 14 = -2. Suppose i*y - 4*k - 36 = -y, -4*y - 2*k + 6 = 0. Suppose -m - y*m = -75. Calculate the highest common divisor of 5 and m.
5
Let b = 58 - 86. Let r be (-3832)/(-10) - b/35. Suppose 19*l = 15*l + r. Calculate the highest common factor of l and 24.
24
Let y(x) = -6*x + 6. Suppose -n - 2 + 1 = 0. Let w be -1*6*(2 + n). Let l be y(w). Calculate the greatest common divisor of 105 and l.
21
Suppose 28*u - 9 = 29*u. Let y(l) = 3*l**2 + 15*l - 18. Let a be y(u). Calculate the greatest common factor of a and 54.
18
Let q = -51 + 54. Suppose 6*r - 2*r + 2*f = 648, -q*r = -5*f - 460. Let k(m) = m + 32. Let a be k(0). Calculate the greatest common factor of a and r.
32
Suppose -4*p - 81 + 289 = 0. Suppose 0 = -29*x + 27*x + 6. Suppose -u - 37 = -x*s, -3*u = -s + 6 + 1. What is the highest common factor of s and p?
13
Suppose 17*p - 17 = 221. Calculate the highest common factor of p and 3122.
14
Let u(k) = -157*k**3 + 5*k**2 + 2*k - 16. Let a be u(-2). What is the highest common divisor of 785 and a?
157
Suppose -g - 74 = -3*l, 33*g + 79 = 5*l + 25*g. Calculate the greatest common divisor of 8775 and l.
27
Suppose -2*k = -42 + 6. Let p(u) = 35*u - 66. Let g be p(2). Suppose 36 - 612 = -g*q. Calculate the greatest common divisor of q and k.
18
Let k(g) = 213*g + 812. Let v be k(8). Calculate the greatest common factor of 888 and v.
148
Suppose 7*t - 6 = 29. Suppose 10 = 3*a + t*c, -4 = a - 3*c + c. Suppose a = o - 7*o + 60. What is the greatest common divisor of 10 and o?
10
Suppose 0 = -6*j - 248 - 448. Let k = 199 - j. What is the greatest common factor of 35 and k?
35
Let o(q) = -28*q + 74 - 42 - 51. Let c be o(-8). Calculate the highest common divisor of 41 and c.
41
Let s = -44268 - -101868. What is the greatest common divisor of 225 and s?
225
Let g be 2 + -1 + 12*-5. Let u = g + 35. Let i be -2 - -110 - u/(-6). What is the greatest common divisor of 13 and i?
13
Let s(k) = 297*k + 312. Let j be s(-1). Calculate the greatest common divisor of j and 13605.
15
Suppose -25*o = -5*n - 21*o - 5, -5*o = -25. Let a = -656 + 929. Suppose n*p = -l + a + 304, 0 = -p + 5*l + 187. What is the highest common factor of p and 48?
48
Let z(u) = -u**3 + 15*u**2 - 4*u - 23. Suppose -2*r + 18 = -10. Let o be z(r). Calculate the greatest common factor of 13 and o.
13
Suppose 642 = 12*p - 11*p + 5*u, -2658 = -4*p - 5*u. Calculate the greatest common factor of 392 and p.
56
Let y be ((-81)/45)/(4/10)*-100. Suppose -z = -2*j - y + 1305, 5*z + 450 = j. What is the highest common divisor of 85 and j?
85
Suppose -4*a + 118 + 46 = 0. Let z = -39 + a. Let f be (17 - z)/3 - 1/(-1). What is the highest common divisor of 6 and f?
6
Let j(o) = 18*o - 39. Let b be j(3). Suppose -75 - 591 = -37*r. What is the highest common divisor of b and r?
3
Suppose 1351 = -98*k + 7819. Calculate the highest common factor of k and 162.
6
Let g be (-88)/(-6) + (-2)/(-6). Let r(s) = -20*s**2 + 20*s - 10. Let t be r(4). Let o = -70 - t. What is the great